usands digit of 8104047?
0
What is the ten thousands digit of 1275291?
7
What is the thousands digit of 749766?
9
What is the tens digit of 360905?
0
What is the units digit of 4114226?
6
What is the millions digit of 2347868?
2
What is the tens digit of 53754?
5
What is the tens digit of 4244157?
5
What is the hundreds digit of 277914?
9
What is the tens digit of 632152?
5
What is the thousands digit of 99441?
9
What is the hundred thousands digit of 239297?
2
What is the units digit of 733073?
3
What is the units digit of 2599791?
1
What is the millions digit of 3354475?
3
What is the thousands digit of 10797506?
7
What is the hundreds digit of 763389?
3
What is the tens digit of 227613?
1
What is the thousands digit of 17502501?
2
What is the hundreds digit of 48856?
8
What is the thousands digit of 6268416?
8
What is the millions digit of 2071286?
2
What is the thousands digit of 19753182?
3
What is the units digit of 1479337?
7
What is the millions digit of 8779472?
8
What is the thousands digit of 21798457?
8
What is the hundred thousands digit of 274916?
2
What is the units digit of 50140?
0
What is the tens digit of 2102954?
5
What is the tens digit of 5976822?
2
What is the thousands digit of 606584?
6
What is the thousands digit of 729081?
9
What is the tens digit of 2046888?
8
What is the hundreds digit of 898983?
9
What is the hundred thousands digit of 17920800?
9
What is the thousands digit of 42249?
2
What is the ten thousands digit of 7543756?
4
What is the tens digit of 2473617?
1
What is the thousands digit of 78893?
8
What is the units digit of 122244?
4
What is the hundred thousands digit of 3300115?
3
What is the ten thousands digit of 29022?
2
What is the hundred thousands digit of 1405576?
4
What is the units digit of 2207336?
6
What is the units digit of 404614?
4
What is the units digit of 2592886?
6
What is the hundreds digit of 516404?
4
What is the hundred thousands digit of 7588769?
5
What is the thousands digit of 557587?
7
What is the hundreds digit of 15584?
5
What is the thousands digit of 133541?
3
What is the thousands digit of 113230?
3
What is the thousands digit of 15369453?
9
What is the units digit of 1596645?
5
What is the hundred thousands digit of 803387?
8
What is the units digit of 472536?
6
What is the units digit of 7912500?
0
What is the hundreds digit of 712057?
0
What is the thousands digit of 6153848?
3
What is the hundreds digit of 1777639?
6
What is the units digit of 103418?
8
What is the millions digit of 24140162?
4
What is the units digit of 248809?
9
What is the tens digit of 3092294?
9
What is the ten thousands digit of 15931513?
3
What is the units digit of 229560?
0
What is the millions digit of 7380520?
7
What is the thousands digit of 227425?
7
What is the millions digit of 3067525?
3
What is the hundred thousands digit of 1862907?
8
What is the tens digit of 226124?
2
What is the hundred thousands digit of 225930?
2
What is the tens digit of 660040?
4
What is the thousands digit of 3914646?
4
What is the thousands digit of 1553070?
3
What is the hundred thousands digit of 22880525?
8
What is the units digit of 23120206?
6
What is the hundred thousands digit of 164296?
1
What is the units digit of 11002173?
3
What is the hundreds digit of 12176496?
4
What is the ten thousands digit of 441295?
4
What is the units digit of 10521755?
5
What is the hundreds digit of 1559945?
9
What is the units digit of 14032?
2
What is the ten thousands digit of 21016677?
1
What is the hundreds digit of 9515165?
1
What is the ten millions digit of 12677937?
1
What is the ten thousands digit of 9155465?
5
What is the hundred thousands digit of 414267?
4
What is the thousands digit of 346532?
6
What is the hundreds digit of 1757017?
0
What is the millions digit of 2166026?
2
What is the hundreds digit of 1098622?
6
What is the ten thousands digit of 10306459?
0
What is the ten thousands digit of 170600?
7
What is the ten thousands digit of 10106658?
0
What is the units digit of 1615412?
2
What is the ten thousands digit of 180566?
8
What is the ten thousands digit of 1044414?
4
What is the units digit of 874510?
0
What is the ten thousands digit of 1394651?
9
What is the ten thousands digit of 99152?
9
What is the units digit of 11262730?
0
What is the tens digit of 1809061?
6
What is the ten millions digit of 19762404?
1
What is the hundreds digit of 485594?
5
What is the tens digit of 162085?
8
What is the thousands digit of 40318502?
8
What is the hundred thousands digit of 169131?
1
What is the thousands digit of 22960673?
0
What is the tens digit of 935839?
3
What is the hundred thousands digit of 3395877?
3
What is the ten thousands digit of 937875?
3
What is the hundreds digit of 2474370?
3
What is the ten thousands digit of 6489309?
8
What is the tens digit of 23017892?
9
What is the hundreds digit of 135050?
0
What is the tens digit of 2471752?
5
What is the thousands digit of 2530314?
0
What is the hundred thousands digit of 10189681?
1
What is the ten thousands digit of 27768?
2
What is the thousands digit of 1407127?
7
What is the units digit of 216120?
0
What is the tens digit of 168592?
9
What is the hundred thousands digit of 913743?
9
What is the hundred thousands digit of 7234723?
2
What is the thousands digit of 441717?
1
What is the hundred thousands digit of 27155507?
1
What is the thousands digit of 645665?
5
What is the hundred thousands digit of 16644052?
6
What is the hundred thousands digit of 175906?
1
What is the ten thousands digit of 188789?
8
What is the hundred thousands digit of 20262341?
2
What is the hundreds digit of 73694?
6
What is the tens digit of 362204?
0
What is the thousands digit of 429192?
9
What is the hundred thousands digit of 391359?
3
What is the ten millions digit of 23299438?
2
What is the hundred thousands digit of 3045447?
0
What is the ten thousands digit of 782510?
8
What is the millions digit of 17134789?
7
What is the tens digit of 1511772?
7
What is the ten thousands digit of 311727?
1
What is the hundreds digit of 20133756?
7
What is the millions digit of 20326602?
0
What is the tens digit of 46007?
0
What is the ten thousands digit of 578484?
7
What is the millions digit of 14946158?
4
What is the ten thousands digit of 16178454?
7
What is the hundreds digit of 20716302?
3
What is the ten millions digit of 15516991?
1
What is the thousands digit of 127996?
7
What is the hundred thousands digit of 1736654?
7
What is the tens digit of 9493812?
1
What is the units digit of 358451?
1
What is the tens digit of 4066512?
1
What is the thousands digit of 1292586?
2
What is the thousands digit of 127128?
7
What is the tens digit of 10446148?
4
What is the tens digit of 24619479?
7
What is the millions digit of 4471108?
4
What is the ten thousands digit of 165037?
6
What is the millions digit of 6254734?
6
What is the ten thousands digit of 475555?
7
What is the hundreds digit of 429797?
7
What is the units digit of 872367?
7
What is the units digit of 1273635?
5
What is the units digit of 7547978?
8
What is the thousands digit of 14720141?
0
What is the units digit of 12846994?
4
What is the ten thousands digit of 10099748?
9
What is the thousands digit of 2476077?
6
What is the units digit of 78304?
4
What is the units digit of 9778774?
4
What is the hundreds digit of 33979984?
9
What is the millions digit of 15280066?
5
What is the millions digit of 1736938?
1
What is the hundred thousands digit of 1113411?
1
What is the tens digit of 4147912?
1
What is the ten thousands digit of 4062033?
6
What is the tens digit of 421075?
7
What is the units digit of 9711?
1
What is the ten thousands digit of 193567?
9
What is the units digit of 636625?
5
What is the hundred thousands digit of 240423?
2
What is the tens digit of 101487?
8
What is the millions digit of 6372371?
6
What is the hundreds digit of 52878?
8
What is the hundred thousands digit of 11369460?
3
What is the hundreds digit of 662551?
5
What is the tens digit of 1327792?
9
What is the units digit of 216789?
9
What is the thousands digit of 241102?
1
What is the tens digit of 1198073?
7
What is the units digit of 18343?
3
What is the hundred thousands digit of 115520?
1
What is the hundreds 